s -24 + 1 - (0 - (2 - -5) - -2 - -8)?
-26
What is -5 + -53 - (17 - (51 - 68))?
-92
Calculate (12 - 0) + -14 + 17 + (-2 - 8 - -5).
10
1 + -7 + (19 - 10 - -13) + -4 + 5
17
What is the value of -20 + (101 + -1 - 77)?
3
(-529 - -520) + (-3 - (3 + 1 + 0)) - 0
-16
What is 6 + -7 + -20 + (156 - 101) + -155?
-121
What is the value of 2 + (144 + -82 - 23)?
41
What is the value of (4 - (-1 - 0)) + -1 - (45713 + -45725)?
16
(-152 - -150) + (-13 - -72)
57
What is the value of 183 + -1 - (-345 + 452)?
75
Calculate -42 + -32 + (-38 - -154) + 9.
51
Calculate 128 - (-5 - (-12 - (297 + -293 - (14 - 1)))).
130
What is -55 + (3 + 7 - 0 - (10 - (-1 + 9)))?
-47
-85 + 98 + -14 + -2 - (4 - -6)
-13
Evaluate 436 - 433 - (14 + -6 + -88).
83
What is the value of 20 + (-7 - 3) + 15 + -24 + 19?
20
What is the value of (-7 - (-75 + -6)) + -18 + -24 + 1?
33
What is (3 + 4 - (0 - -8)) + (-21 - -35)?
13
What is the value of (-142 + 61 - -207) + -69?
57
Calculate 240 + -70 - 201 - (1 - 115).
83
-10 + (4 - (19 - 10)) - ((4 - 1) + 3)
-21
-2 + -36 + (-46 + 0 - (241 + -278))
-47
Calculate -117 + 2 + (2833 - 2826).
-108
Calculate 55 - 5 - (12 + (73 - 54)).
19
What is 8 - 12 - (72 + (3 - (-6 + 15 + -11)))?
-81
Calculate (1 - (-2 - -12)) + 20 + -14 + (-1 - -6).
2
What is the value of 3 + -8 + -383 + 430?
42
(16 - (-14 + 45)) + (12 - (-3 + 11 + 31))
-42
Calculate 18 + (-18 + 20 - (9 - 3)) - 58.
-44
-167 + 101 + -57 - (10 + 1)
-134
What is -4317 + 4178 - (8 + -6 + 3 - -6)?
-150
Evaluate 6 + -9 + (22 - 30 - 48 - (2 - -1)).
-62
What is (24 - (-39 - -68)) + (92 - -3) + 2?
92
-14 - 25 - (-13 + -2 + 0 + 1)
-25
What is -20 - (2 + -2 + -3 - 10)?
-7
What is the value of -9 - ((3 - (10 - (2 - -12))) + (10 - 128))?
102
Calculate (-16 - -6) + 11 - (-1 - 8) - (-16 + 71).
-45
Evaluate 24 + -49 - 84 - (5 + 28).
-142
Evaluate -68 + (24 - 10) - (-12 - (3 + -1)).
-40
Evaluate 0 + (-10 - -14 - 6) - -6 - 32.
-28
7 + (-1 - ((-1 - -10) + -1 - 12))
10
What is the value of 25 - (-35 + (145 - 53))?
-32
(-2 - 48) + (-14 - (-35 - (23 - 48)))
-54
Evaluate -37 + 83 + 38 - 45.
39
(11 - (34 + -34)) + (-7 - 2 - 48)
-46
What is the value of 63 + (-64 + -76 - -49)?
-28
What is the value of 68 - (-90 + 92) - (-2 + 7 + 1)?
60
What is -26 + 19 - (4 + (4 + 18 - -2))?
-35
Calculate -41 + (1 + 75 - 34) + (-2 + 2 - 100).
-99
Calculate (18 - 11) + -7 + (-12 - -1 - -2 - -17).
8
-108 + 75 + 52 + (-1 - -12)
30
What is the value of -64 + -62 + (43 - -40)?
-43
Evaluate 240 - ((-9 - -23) + 111).
115
(45 - 33) + (21 - 37)
-4
What is the value of 1 + -1 + -21 + 1928 + -1866?
41
Evaluate -10 - (3 - (-13 - -51 - 3 - 6)).
16
What is -3 + -7 + 9 + -7 + (-86 - -103)?
9
1284 + -1249 + (2 - (-6 - 0))
43
What is the value of -6 - (96 - 50) - (-20 - (-1 + -4))?
-37
-3 + (-8 - -14) + -3 - (65 - 153)
88
-36 + (9 - 29) + 26
-30
187 + -254 + 45 + 9
-13
0 + 0 + (-16 - (30 + -59)) + -5 + 4
12
(-6 - -1) + (-1 - 24) - (-94 - -105)
-41
What is -26 + (75 - 29) - 18 - (-2 + (-27 - -2))?
29
What is the value of (-15 - ((9 - 0) + (-41 + 47 - 34))) + -147?
-143
What is -90 + ((-5 - -4) + (2 - 4) - (-25 - -14))?
-82
What is the value of 2 - (0 + -1 + 1 + -2 + 11308 + -11330)?
26
Evaluate -1 + 74 + 11 + 3 + -7 + -23.
57
What is the value of (13 + -34 + -1 - (-31 + -3)) + -109?
-97
Calculate -38 + -19 + -6 - (9 - -5).
-77
Calculate -193 + (151 - 22) + 117.
53
Calculate 999 - 981 - (-10 - (3 + -1)).
30
What is the value of 30 + -17 + 8 + 15 + -20?
16
What is the value of -16 + 0 + (8 - (-8 + 39))?
-39
What is the value of -51 + (-6 - 13) + 124?
54
What is (7 + -3 - (28 + -27) - 13) + 15 - 3?
2
Calculate (2 + -17 - -92) + -130.
-53
Evaluate 56 + 23 + (12 - 29 - -2) + -14 + -10.
40
Calculate -20 - (-16 + 13 + -9 + -1) - 21.
-28
Evaluate (-37 - 11) + (162 - 156).
-42
Evaluate (5 - 4 - 13) + 29 + -30 + -20.
-33
What is -2 + -1 + 50 - (-33 - 3 - -37)?
46
What is the value of 11 - ((8 - (10 + 10)) + (43 - -3))?
-23
-12 - (14 + 10 + -40 + 8) - -46
42
Calculate 44 - (90 - 27) - 22.
-41
What is -56 + (-17 - -76) + -37?
-34
What is 9 + -41 + 24 - (-23 + 6)?
9
(36 - (2 - -75)) + 33
-8
42 - (-29 - -106 - 23)
-12
What is 0 + (17 - 1) - (6110 + -6043)?
-51
What is (42 - 11 - 33) + 64?
62
What is the value of (9 - 0) + (35 - 10) + 4?
38
What is 94 + -292 + 57 + 115?
-26
-43 - (5 - 1) - (-9 - (-30 + 22))
-46
What is 19 - (7 - 4 - (60 + 18))?
94
What is -39 + -50 + 26 + 46?
-17
Evaluate 8 + 7 + -20 + -25 + 14 + -1.
-17
Calculate 32 - ((3 - 23) + 31).
21
What is the value of 60 - (-47 - (6 + -121))?
-8
Calculate -9 + 16 + 38 + (347 - 369).
23
Calculate -7 + (16 + -17 + 23 - 5).
10
Calculate -7 + 9 - (7 + -13 + 6) - 5.
-3
What is 2 - 39 - (-48 + 115 - 63)?
-41
Evaluate 3 - ((13 - 6) + -3 - 4).
3
Evaluate -44 + 40 + (22 - 8).
10
What is the value of (-6 - (4 - 15)) + (-4 + 11 - 11)?
1
What is the value of 69 + 56 + -86 - 59?
-20
Calculate 68 + -19 - (2 - -1) - (-139 - -147).
38
What is the value of -536 + 595 - (-24 - (-3 + -3))?
77
Calculate (-1 - 66) + (-6574 - -6611).
-30
Evaluate (2701 - 2638) + (4 - 169).
-102
-29 + (22 + -10 + -16 - -3)
-30
What is -2 + 1 - (-88 + 0) - (-173910 - -173919)?
78
What is -11 - 0 - (-118 - -128) - -68?
47
-13 + (-4 + -5 + -3 + 53 + -56 - -12)
-16
Calculate (31 - 27) + (-93 - 34) + 21.
-102
Calculate -27 + (4 - (4 - 26)) + (-1 - -58).
56
Evaluate (7 + -2 + 1 - 4) + (-67 + -7 - 0).
-72
What is (37 - -62) + 13 + 3 + -55?
60
What is (-971 - -906) + 1 + 14 + 2 + -8?
-56
Evaluate (-1 - (1 + -2)) + 54 - (-5635 + 5628).
61
What is 34 + -13 - 55 - -94?
60
What is the value of 14 + -12 + -2 + 8 + (21 - (-1 + 4))?
26
Calculate -10 + (14 - (22 + -2 + 5)).
-21
-29 + (-16 - ((-24 - -12 - -10) + -17))
-26
What is the value of 47 - (8 - (27 + -62))?
4
90 - (51 + 109 + -13)
-57
What is -19 + 58 + -87 + -37?
-85
What is -78 - (-43 + -114) - 146?
-67
Evaluate 7 + 8 + (-19 - 2) - (-54 + 15).
33
What is -1 + (-13 - -15 - -10) - 12 - 46 - -15?
-32
What is the value of -5 - (7 - -43 - 117)?
62
-4 - (105 + -90 + (-1 - -7))
-25
Evaluate (17 - (-4 + -8) - 12) + (-87 - -22).
-48
What is the value of 61 - ((-43 - -41) + (5 - -9 - -2))?
47
What is (13 - (7 - 2)) + (-88 - (46 - 92))?
-34
What is -1 + (82 - (69 + -27)) - 140?
-101
Calculate -2 - ((-14 - 4) + (-5 - -7)) - (51 + -60).
23
Calculate (-8 - -80 - 97) + 14 + -2.
-13
What is the value of 7 + (5 - 20 - 2) + (14 - (-7 + 3))?
8
Evaluate (17 - 2) + (-109 + 88 - -30).
24
-45 + 125 - 20 - -5
65
What is the value of -1 + 29 + -51 + 0?
-23
-2 + (23 - 2 - 2) + (17 - 13)
21
What is -43 + 56 + -33 + 22 - (0 + (8 - -1))?
-7
Calculate 1188 + -1133 - (-1 + 85).
-29
What is the value of -83 + (83 - 9) - -11?
2
What is the value of (177 - -34 - 132) + (16 - -2)?
97
What is (-89 + -23 - 93) + 98?
-107
Calculate (-73 - -66) + (-6 - -10) + 12.
9
-17 + -123 + 115 + 94
69
Calculate -11 - (-19 - -10) - (-16 + (-4 - -2)).
16
5 - (-8 + -1 + -51 + (246 - 240))
59
10 + 17 + -5 + -12 - ((0 - 5) + -24)
39
What is -87 + 95 + 32 + -47?
-7
What is (0 - -59) + (-22592 - -22553)?
20
Evaluate 4 + (-46 - -37) + -12 + -89.
-106
What is the value of (0 - (-7 - (5 - -9))) + -9?
12
Calculate (5 - -8) + -11 - ((-4 - -4) + 5).
-3
Calculate -30 + (102 + -27 - -39).
84
Calculate 47 - 13 - (12 + 4 - 8 - 7).
33
1 + (3 - (0 + (-3 - -1))) - (-589 - -676)
-81
Evaluate 3 + 12 - (-74 + 7) - 8.
74
(-4 + 5 - (11 + -1)) + (7 - 21) + 9
-14
What is the value of (6 - 7 - (-8 + 0)) + (16 - (8 - -7))?
8
-1 + -20 + (19 - (12 + 10) - (6 - 0))
-30
What is the value of 10 + 0 - (-2 + -4 - (1 + 4 - 45))?
-24
What is 29 + -84 - -51 - -3?
-1
What is 2129 + -2106 - (-23 - (-2 - 1))?
43
-9 - (5 + (-16 - -4 - 8))
6
What is 25 + (43 - 14) - 67?
-13
Calculate -47 + -2 + -32 + 2 + 18 + -5 + -4.
-70
34 + -31 + -35 + 51
19
What is -253 - -234 - (22 + -78)?
37
Evaluate -184 - -149 - (4 + -27) - (-52 - 2) - -5.
47
What is (-1 + (54 - -1) - (1080 - 1064)) + -8?
30
What is -2 + (3 - 3) + (32 - 40) - 41?
-51
-78 - (-178 + 176 - (-16 + -3))
-95
What is the value of (82 - (56 + 24)) + (0 - (58 - (0 + 2)))?
-54
(21 + -15 - 4) + -16 + 5 - (-3 - 80)
74
-3 + -11 + (6 - (-16 - -8) - 9)
-9
Evaluate -4 + (-4 - (-6 - -3)) - (-609 + 630).
-26
What is -1067 - -1000 - (-1 + -63)?
-3
What is the value of (2 + 1 - -8) + (77 - (-196 + 236))?
48
What is the value of 61 - (46 - (-18 - -28)) - -3?
28
Evalua